Let b(z) = 140 + z - 286 + 146. Calculate b(f).
-2
Let c(l) = -3*l - 13. Suppose -85 = -3*v + v + 7*v. Give c(v).
38
Let r(f) be the second derivative of 0 + 16*f - 2/3*f**3 + 1/20*f**5 + 5/12*f**4 + 11/2*f**2. Give r(-6).
-1
Let k be (190/(-4))/((-1110)/(-444)). Let q(c) = -6*c - 94. Calculate q(k).
20
Let z = 257 + -254. Let q(t) = z + t**2 + 0*t**2 + 6 - 10. What is q(-3)?
8
Suppose -4*j = -l + 5, 6*l + 7 = -5*j + 7*l. Let z(v) = -61*v - 112. Let t be z(j). Let s(f) = -4*f + 37. Calculate s(t).
-3
Let q(r) be the second derivative of r**4/12 - 29*r**3/6 - 297*r**2/2 - 4561*r + 1. What is q(37)?
-1
Let j(p) = p**3 + 4*p**2 + 3*p + 1. Suppose 2*k - 6*k = 4*r - 504, -3*k = 6. Suppose 0 = 123*x - r*x - 20. Calculate j(x).
-11
Let j(q) = -1419*q**2 + 661*q**2 + 2 + 761*q**2. What is j(-2)?
14
Suppose 8*h = -0*h + 32. Suppose 3*l = 3*c, h*l = 2*c + 9*l - 35. Let f(y) = -y**3 + 4*y**2 + 6*y - 3. Calculate f(c).
2
Let o(m) = 4*m - 23. Let f = -27 - -11. Let a = f + 23. What is o(a)?
5
Suppose -2*s - 2*s + 14 = -2*w, 4*w + 8 = 4*s. Let h(v) = 4 - 5*v**2 - 2*v**w - 3*v + v**3 - 7 + 0*v. Let z = -18 - -13. Determine h(z).
12
Let a(w) = 9*w**3 + w**2 - w + 1. Let j(f) = 2*f**2 - 2*f - 3. Let b = 30 + -28. Let u be j(b). Give a(u).
10
Let s(y) be the first derivative of y**7/840 - y**6/360 - y**5/120 - 19*y**4/24 - 20*y**3 + 24. Let j(m) be the third derivative of s(m). Determine j(0).
-19
Let t(o) = -8*o**3 + 2*o**2 - 38*o + 93. Let b(q) = 3*q**3 - q**2 + 13*q - 33. Let z(a) = -11*b(a) - 4*t(a). What is z(5)?
-14
Let t be ((-2)/4 + 0)/((-17)/204). Let a(s) = t - 8*s + s**2 + 8*s - 5*s. Let g(d) = -d**2 - 11*d - 5. Let i be g(-10). Give a(i).
6
Let t(l) = -1 - 571*l + 3*l**2 - 9*l**2 + 282*l + 285*l - 7*l**3 + 2*l**2. What is t(-2)?
47
Let o(u) = -u**3 - 7*u**2 + 7*u - 3. Suppose -4*a - 4*i = -2*i - 5148, -i + 5150 = 4*a. Suppose 1294*j + 48 = a*j. Give o(j).
5
Suppose 3*o - 2*z - 4 = o, 3*o - 4*z = 5. Let p(g) be the second derivative of -g**4/12 + g**3/3 - g**2 - g - 1926. Determine p(o).
-5
Let p(d) = 7*d + 258 - 6*d - 4*d + d + 20*d. Let u be p(-14). Let k(n) = -n**2 + 3*n + 13. Calculate k(u).
-5
Let a(k) = -23*k**2 + 314 - 165 - 37*k - 29*k + 15*k - 165 + k**3. Determine a(25).
-41
Suppose -t + 4*n + 8 = -8, t = 5*n + 20. Suppose 19 = 4*x + c, t = -6*c + 7*c + 1. Let z(m) = -m**2 + 6*m + 6. Calculate z(x).
11
Suppose -d - 3*d = -40. Let f(n) = -5*n**3 - 5 - d*n**2 + 4*n**3 + 2*n + 17. Let v be f(-10). Let q(t) = t**2 + 7*t - 3. What is q(v)?
5
Let g = 25448 + -25442. Let q(a) = -a**2 + 11*a - 19. Determine q(g).
11
Let m(g) = 1712*g**2 + 2*g**3 - 27 - 842*g**2 + 110*g + 9*g - 836*g**2 - g**3. Give m(-30).
3
Suppose 0 = -3*d + 2*j + 277, 0 = -3*j - 6. Suppose 19*a + d = 12*a. Let r(f) = f**3 + 14*f**2 + 13*f - 5. What is r(a)?
-5
Let z = 207 - 204. Suppose z*h - 3*c - 18 = 0, 9*h - 24 = 4*h + 3*c. Let q(a) = a**2 - 7*a + 2. What is q(h)?
-10
Suppose 205*g = 209*g - 340. Let k(w) = 8 + w**2 + 36*w + 25*w + 31*w - g*w. Give k(-6).
2
Let v(l) = -7 + 11*l + 20 + 602*l**2 - 603*l**2. Give v(9).
31
Let x = 11 - 16. Let g(j) = -1. Let q(n) = n**2 + n + 5. Let r(f) = x*g(f) - q(f). Let u(m) = m**3 - 3*m**2 - 8*m - 4. Let c be u(-1). Determine r(c).
0
Let v(o) = 14452 + 5*o - 14453 - 3*o + 40*o**3 - 32*o**3. Determine v(1).
9
Let w(n) = 1999*n**2 + 33*n - 28*n + 4 - 2001*n**2. Give w(4).
-8
Let f(y) be the first derivative of -3*y**2 + 1/3*y**3 + 208 - 2*y. What is f(5)?
-7
Let j(f) be the second derivative of -154*f - f**2 + f**3 - 1/12*f**4 + 0. Give j(8).
-18
Let b(k) = -5*k + 8. Let s = -12319 - -12330. Calculate b(s).
-47
Let c(z) be the first derivative of z**4/4 - 7*z**3/3 + z**2/2 + 8*z + 1379. Calculate c(5).
-37
Let n(d) = 4*d + 50. Suppose -4 = -2*h, h + 5 = -2*f - 21. Give n(f).
-6
Let n(k) = 4*k + 3. Let d(m) be the first derivative of m**4/4 + 4*m**3/3 - 7*m**2 - 8*m + 40. Let j be d(-6). Give n(j).
19
Let m(n) = 3*n**3 - 64*n**2 + 22*n - 30. Let y be (3/(-5))/((-3)/2 + 206/140). Give m(y).
-9
Let z(p) = -9*p**3 - 11*p**2 - 18*p - 15. Let r(y) = 20*y**3 + 23*y**2 + 39*y + 32. Let b(d) = -4*r(d) - 9*z(d). Give b(-6).
7
Let s(o) be the second derivative of 3/2*o**2 + 4/3*o**3 + 0 - 54*o. What is s(-1)?
-5
Let f(o) = -o**3 - 32*o**2 - 31*o - 4. Let z be f(-31). Let g(w) = -3*w - 7. Calculate g(z).
5
Let w(o) be the first derivative of 178 + 1/3*o**3 - 3*o - 3*o**2. Give w(6).
-3
Let t(b) be the third derivative of b**6/120 - b**5/12 - b**4/24 - b**3/6 + 2*b**2 + 61*b + 23. Calculate t(3).
-22
Let g = -330 + 325. Let u(j) = -2*j**3 - 10*j**2 - j. Let k be u(g). Let b(r) = -r**2 + 6*r + 4. Determine b(k).
9
Suppose -9*m - 195 = -48*m. Suppose 3*f - 20 + 13 = m*t, 4*f - 4 = 4*t. Let p(j) = 0 + 4*j**2 + 4 - 5 + j. Determine p(t).
13
Let h(a) = -7*a**3 + 3*a - 1. Let j(m) = -6*m**3 + 3*m - 1. Let y(s) = -4*h(s) + 5*j(s). Let v = -109 + 115. Suppose 0 = -v*t + 5 + 7. Determine y(t).
-11
Let k(v) = 11*v**3 - 5*v**2 + 6*v - 106. Let r(z) = 20*z**3 - 9*z**2 + 11*z - 199. Let s(g) = 11*k(g) - 6*r(g). Give s(0).
28
Let j(k) = k**2 - 11*k + 13. Let s be j(10). Suppose -2*w - 9 = -3*d + w, 5*w = s*d - 15. Let b(y) = 6 + d*y + 13*y - 7. Determine b(-1).
-14
Let k(p) be the third derivative of p**5/60 - p**4/12 + 4*p**3 + p**2 - 275*p. Determine k(0).
24
Suppose 126*f + 2508 + 768 = 0. Let u(l) = -l**2 - 26*l + 33. What is u(f)?
33
Suppose -2*w = -5*a - 57 + 13, -133 = -5*w + a. Suppose -4*t - 7*d + w = -10*d, -4*t + 4*d + 28 = 0. Let p(s) = -3 - 2*s - 1 + 2. Determine p(t).
-14
Let a(d) = 43*d + 952. Let h be a(-22). Let i(g) = -g**3 + 3*g**2 + 13*g - 1. What is i(h)?
-31
Let c(q) = -5*q + 111. Let h(w) = 2*w - 33. Let d(m) = 4*c(m) + 14*h(m). Calculate d(14).
94
Let m(n) = 20*n + 102. Let s(u) = -7*u - 37. Let p(q) = 6*m(q) + 17*s(q). Suppose -3*l = v - 19, 2*v + 5*l = 35 + 2. Calculate p(v).
-1
Let k(w) = -73*w - 28 + 3*w**2 - 2*w**2 + 2*w**2 + 93*w - 2*w**2. What is k(-10)?
-128
Let v(h) = 26*h**3 - 2*h**2 + 3*h - 2. Suppose 0 = -28*n + 31*n + 2*p - 17, 4 = -3*n + p. What is v(n)?
25
Let k(i) = -13*i - 8. Suppose 263*f = 208*f + 211 + 9. Give k(f).
-60
Let x(h) = 3*h + 102. Suppose -166 = 5*w + 2*s, 18*w + 81 = 15*w + 5*s. Give x(w).
6
Let k(l) = 3*l + 3*l**2 + 2*l**2 + l - 62*l**2 + 56*l**2. Give k(3).
3
Let a(s) = -s + 125. Let p(c) = 2*c - 69. Let n(i) = -2*a(i) - 5*p(i). What is n(17)?
-41
Let g(q) = 9*q - 1. Let d(p) = 50*p + 18. Let r(o) = d(o) - 6*g(o). Give r(20).
-56
Let d(k) = -k**3 - 17*k**2 + 6*k + 38. Suppose -5*h = 3*n + 36, 5*n + 112*h = 109*h - 76. Calculate d(n).
-64
Let k(b) = -3*b + 68. Let z(p) = -p + 25. Let a(s) = -8*k(s) + 22*z(s). Let t(n) = -n + 2. Let v be t(-4). Let r be v/9 - 42/9. Calculate a(r).
-2
Let c(l) = -l**2 + 3*l - 3. Let x be ((-2)/3)/((-183)/90 + 2). Let j = x - 16. Determine c(j).
-7
Suppose 13*w - 4*g = 10*w + 2129, 713 = w - 2*g. Let y(d) = -d + w - 1392 + 697. What is y(13)?
-5
Let t(a) = a - a + 3*a + 8 - a. Suppose 87*d - 90*d - 3*m - 15 = 0, -d + 2*m - 14 = 0. Determine t(d).
-8
Let l(p) = -2*p**2 + 16*p - 17. Let v be (1/(-4))/(18/(7560/(-15))). Determine l(v).
-3
Let n(a) = a**3 + 2*a**2 - 2*a + 7. Let y be n(-3). Suppose 4*l + 50 = 2*b, 0*b - 3*b + 67 = -y*l. Suppose b*x - 19*x - 2 = 0. Let m(w) = -w - 1. What is m(x)?
0
Let p(f) = -17*f - 1. Suppose 0 = -20*w - 35 - 25. Let s(a) = -10*a - 1. Let n(m) = w*p(m) + 5*s(m). Give n(3).
1
Let v(p) = -p**2 - 34*p - 114. Let r be v(-4). Let a(f) = -f**3 + 6*f**2 + 8*f - 2. What is a(r)?
46
Let x = -14 - -10. Let j(f) be the first derivative of -f**3/3 + 5*f + 936. Determine j(x).
-11
Let r(o) be the second derivative of -o**3/3 - o**2 - 2406*o. Calculate r(11).
-24
Let z(x) be the second derivative of -x**3 + 3*x**2 + 2388*x. What is z(8)?
-42
Let d(r) = -r**3 + 11*r**2 + r. Let o(l) be the first derivative of 9*l**2/2 - 133*l + 18. Let h be o(16). Determine d(h).
11
Let z(x) = 2*x**2 - 8*x - 5. Let w be z(5). Let m(a) = 8 - w - 4*a - 3*a + 4*a. Determine m(4).
-9
Let w(v) = -3*v - 5. Suppose 5*g - 120 = 29*g. Let b be 20/g + 0/(-2). Determine w(b).
7
Let k(h) be the second derivative of h**5/20 + 4*h**3/3 + 21*h**2/2 - 2*h - 45. What is k(-3)?
-30
Let v(y) = -25*y - 209. Let b be v(-8). Let q(w) = 3*w + 6. What is q(b)?
-21
Let x(t) = t**2 + 3*t - 3. Let k(m) 